 of 200 and n.
25
Let s be 7918/321*(-6)/(-4) - 9. Calculate the highest common divisor of 8365 and s.
7
Let v(g) = -g**3 + 6*g**2 + 5*g - 6. Let x be v(4). Let y = 350087 - 349926. Calculate the highest common factor of y and x.
23
Suppose 2*l - 4*r = 40, 5*l + 5*r = 130 + 45. What is the highest common divisor of l and 2895?
15
Suppose 2*o = -3*q + 5*o + 72, 3*o - 3 = 0. Suppose 7*s - q - 31 = 0. What is the highest common divisor of s and 5?
1
Let f(c) = c**3 - 10*c**2 + 21. Let z be f(10). Let j(x) = -x**2 + 24*x + 102. Let q be j(z). What is the highest common divisor of q and 275?
55
Let t be (10/4)/((-449)/(-1796)). Calculate the highest common divisor of t and 802.
2
Suppose 2*i - t - 317 - 113 = 0, 1075 = 5*i + t. Suppose -z + i = -13. Calculate the greatest common factor of 24 and z.
12
Let y = 63 + -59. Suppose -w + 5 = 0, 9*w - 27 = -q + y*w. Suppose -x = 3*j + 2*x - 759, -q*j + 497 = -x. Calculate the greatest common divisor of j and 100.
50
Suppose -10*a - 10*a + 5252 = 6*a. What is the greatest common divisor of a and 2525?
101
Let z be 1 - (1/3)/((-72)/422280). What is the greatest common divisor of 12 and z?
12
Let d = -4415 - -4618. Calculate the greatest common divisor of d and 319.
29
Suppose -15 = 9*m + 6*m. Let k be 1 + m/5 + 7743/15. Calculate the highest common factor of 94 and k.
47
Let m(g) = g**3 + 26*g**2 - 45*g - 423. Let i be m(-27). Calculate the greatest common factor of 1827 and i.
63
Suppose 0 = 89*a - 2048 - 3826. Calculate the greatest common factor of 2827 and a.
11
Suppose 0 = 5*d + 15, 56*a - 51*a + d - 2797 = 0. What is the highest common factor of a and 720?
80
Let f(l) be the second derivative of -5/12*l**4 + 3/2*l**3 + 1/20*l**5 - 4*l**2 + 0 + 40*l. Let a be f(4). What is the highest common divisor of a and 9?
3
Let i(o) = o**2 + 4*o - 4. Let d be i(2). Let n be -4 + d/6*(-2001)/(-46). What is the greatest common factor of 12 and n?
6
Let v = 0 + -20. Let j be ((-48)/v)/(2/55). Calculate the highest common factor of 110 and j.
22
Let h = -32852 - -35578. What is the highest common factor of 658 and h?
94
Suppose 87*p - 25490 = 5053 + 17829. Calculate the highest common divisor of p and 4.
4
Let f(o) = o**2 + 16*o - 26. Let m be f(-23). Suppose 38*n - 33*n - m = 0. What is the highest common divisor of n and 1?
1
Suppose 0 = 3*u - n - 65, 21*u - 25 = 20*u + 2*n. Suppose u*y + 1518 = 27*y. Calculate the greatest common factor of 33 and y.
11
Let s be ((-1)/(-2))/((-2)/(-4))*(-353584)/(-1804). What is the highest common divisor of s and 26068?
196
Let n = -13 - -18. Suppose -n*d - 78 + 263 = 0. What is the greatest common divisor of 592 and d?
37
Let z be -3 - -1*(-30)/(-6). What is the highest common factor of z and 107?
1
Suppose -37*o + 43647 = -98137. Calculate the greatest common factor of 40 and o.
8
Suppose 10 = -5*c + 3*b + 25, -3*b = -2*c - 3. Let m(j) = 14*j - 71. Let i be m(c). Suppose -980 - 164 = -i*p. Calculate the highest common divisor of 8 and p.
8
Let x be ((-18)/(-6) + 5)/(56/(-24) + 3). Let p(g) = -4*g - 4. Let y be p(-3). Let w(n) = n + 4. Let a be w(y). What is the greatest common divisor of x and a?
12
Suppose 12*t = 291 + 657. Suppose 78*z + 22 = t*z. Calculate the greatest common factor of z and 143.
11
Let w be 11 - 0/(6 - 5). Suppose -4*d = 0, -2*q - 3*d = q - 3. Suppose 0 = 3*c + q - 34. Calculate the greatest common factor of w and c.
11
Let d = -395 - -1550. Suppose 15*x + d = 22*x. What is the highest common divisor of x and 15?
15
Suppose 25*k + 20 = 36*k - 13. Calculate the greatest common divisor of 291 and k.
3
Suppose -4*i = -264 + 248. Suppose -5*n + 357 = -4*g, 4*n + i*g - 279 = 5*g. Calculate the highest common divisor of n and 46.
23
Let t(n) = n**3 - 66*n**2 - 275*n + 218. Let f be t(70). What is the highest common factor of f and 24?
8
Let t be ((-13)/4)/((-11)/3036). Let b = 908 - t. What is the highest common factor of b and 11?
11
Suppose 0 = -5*m + 7*m - 352. Suppose -m + 571 = y. Suppose 4*h - v - y = 0, 4*v - v + 96 = h. What is the greatest common divisor of h and 11?
11
Let s(w) = -2*w + 10. Let o be s(-9). Let z = -5844 - -5851. Calculate the highest common divisor of o and z.
7
Suppose 5*g = q + 128, 8*g - 7*g - 104 = -11*q. Let b = -1371 + 2370. Calculate the greatest common factor of b and g.
27
Let v = 27153 + 3036. What is the greatest common divisor of v and 87?
87
Let m = -228 - -223. Let b be m - (-14 - (-6 + 4)). What is the greatest common factor of 301 and b?
7
Let b be 3/24 + ((-3507)/24 - 2). Let f = 179 + b. What is the greatest common factor of 31 and f?
31
Let s be (-32 + -5)/(2 + (-121)/55). Calculate the greatest common factor of 5143 and s.
37
Suppose -4*j = -13 - 15 - 0. What is the highest common factor of 23 and j?
1
Let b = -157 - -290. Suppose -3*n = 16 - b. What is the greatest common divisor of 15 and n?
3
Let j = -14002 - -27106. What is the highest common factor of j and 16?
16
Suppose 10*w - 5*w = 0. Suppose -3*n + 3*m - 5*m = -116, -3*n - m + 112 = w. Suppose 9*s - 9 - n = 0. Calculate the highest common factor of s and 45.
5
Let a(r) = 2*r + 10. Let m be a(7). Let s be -28*(-7 + (-10)/(-70)). What is the highest common factor of s and m?
24
Let b be 3 + (-1)/(4/(-232)). Let f = 61 - b. Suppose -g - 2*g + 315 = f. What is the greatest common divisor of g and 15?
15
Let w be -8 - (-12 + (-6 - -2) - 5). Calculate the highest common divisor of 3809 and w.
13
Let h(g) = 1651*g**2 + 76*g - 77. Let y be h(1). What is the highest common divisor of 66 and y?
66
Let i = 8 - -3. Let g be -46*(166/(-28) + 27/63). Calculate the highest common divisor of i and g.
11
Suppose -181 - 69 = -5*z. Suppose z*k - 70 = 45*k. Let v = 23 + -16. Calculate the highest common divisor of k and v.
7
Suppose 22*m - 66 - 174 = -8*m. Calculate the greatest common divisor of 9496 and m.
8
Let r = -9 + 69. Suppose -5*y - 49*x = -54*x - 4865, -5*x = 3*y - 2815. What is the highest common factor of y and r?
60
Let s(w) = w**2 - 50*w + 229. Let f be s(51). Let z be (-15)/6*4/(-1). Calculate the highest common divisor of f and z.
10
Let f(l) = -l**2 - 25*l + 8. Let g be f(-25). Let b(k) = k**3 - 7*k**2 - 14*k + 96. Let i be b(g). Calculate the highest common divisor of 6 and i.
6
Suppose -3*w - 4*b + 17 = -23, -3*w - 2*b + 32 = 0. Let n(d) = 64*d + 16. Let k be n(w). Suppose -s + k = 3*s. Calculate the highest common factor of 12 and s.
12
Let d = -2760 + 4820. What is the greatest common factor of d and 20?
20
Let a(p) be the first derivative of p**3/3 + 6*p**2 + 27*p - 44. Let s be a(-12). Calculate the greatest common factor of 3 and s.
3
Let z(y) = y**3 - 2*y**2 - 12*y + 70. Let k be z(0). Suppose -13*q + 23*q = k. What is the greatest common factor of q and 91?
7
Suppose 4*n - 2*k = 46, -n + 6*k + 8 = 2*k. Suppose 1429 = 13*l - n*l - 2*x, -3*l + 4243 = 5*x. Calculate the highest common divisor of 29 and l.
29
Let w = 8 - 13. Let y = 39 - 14. Let t = w + y. What is the greatest common factor of 5 and t?
5
Let b be 1*41 - (-94 - -102). Let h be 2 + -2 - -1353*(-2 - -3). Calculate the greatest common divisor of h and b.
33
Let a = -22 - -33. Let j(b) = 24*b + 83. Let m be j(-3). Suppose m*f = 41*f - 330. Calculate the highest common divisor of f and a.
11
Let x be (-164)/6*(-15)/(-2). Let n = -107 - x. Suppose -8*h + 70 = -3*h. Calculate the highest common factor of h and n.
14
Let p be 3134 - 11*(-17 + 16). Calculate the greatest common divisor of p and 148.
37
Let o = -1014 + 1279. What is the highest common factor of 10 and o?
5
Suppose -166*z = -176*z - 30. Let o(x) be the first derivative of -x**4/4 - 7*x**2/2 - 14*x - 3. Let g be o(z). What is the highest common factor of 34 and g?
34
Suppose 0 = -8544*n + 8540*n + 100. What is the greatest common divisor of n and 2675?
25
Suppose 5*f + 3*v = 8*v - 15, 4*f - 8 = -v. Suppose 0 = -4*l - 3*a + 176, -12*a - 8 = -14*a. What is the highest common factor of f and l?
1
Let r = -26 - -28. Suppose n + r*n = 12. Suppose n*t - 21 = -3*y, -4*y + 2 + 7 = -t. What is the highest common divisor of t and 3?
3
Let t be 75/(26/(624/20)). Suppose 2*j + 1564 = 4*d + j, 2*j = -5*d + 1942. Calculate the highest common factor of t and d.
30
Suppose 187*v + u = 192*v - 1104, -4*u + 424 = 2*v. Suppose 0 = -p + t + 91, -5*p +